 12, what is 3142b89 + 32?
3142bbb
In base 13, what is 296c9 + 18?
29714
In base 9, what is 763 - 16400?
-15526
In base 14, what is 130c8 + c1?
131a9
In base 10, what is 2973 - -2180?
5153
In base 9, what is -2 + -71608215?
-71608217
In base 12, what is -a94b + 20a?
-a741
In base 16, what is 2467 + 13a?
25a1
In base 10, what is -764234 + -4?
-764238
In base 4, what is -2 - -1231022210111?
1231022210103
In base 15, what is -ad - ca474?
-ca532
In base 12, what is -217600 - 2b?
-21762b
In base 6, what is 33443250 - 5520?
33433330
In base 10, what is 561 + -47496?
-46935
In base 15, what is -1 + -4b0490c?
-4b0490d
In base 10, what is -542024 - 127?
-542151
In base 3, what is 2000221222110111 + -122?
2000221222102212
In base 8, what is 74 + -6232125?
-6232031
In base 13, what is -4 - a13cc76?
-a13cc7a
In base 6, what is -2501 + 300421?
253520
In base 3, what is 10002222 + -1120012210?
-1110002211
In base 9, what is 7611 - 36848?
-28237
In base 12, what is -6a2 + 29b8?
2316
In base 4, what is -3130130023323 - -1?
-3130130023322
In base 7, what is 144106204 - 2?
144106202
In base 16, what is -5745 + 3793?
-1fb2
In base 11, what is -411591 + 4?
-411588
In base 14, what is -a - -ac9918?
ac990c
In base 15, what is 6a3a8793 - 5?
6a3a878d
In base 10, what is 2143 + 38699?
40842
In base 8, what is -737255066 - 1?
-737255067
In base 4, what is -112 - 11001012320?
-11001013032
In base 4, what is 2 + 1331123322123?
1331123322131
In base 16, what is -1620e - -4e?
-161c0
In base 11, what is 960574 + -53?
960521
In base 4, what is -1 - 223021302203?
-223021302210
In base 5, what is 22031 - 1444340?
-1422304
In base 7, what is -3 + 202461103?
202461100
In base 10, what is 287 + -158088?
-157801
In base 14, what is -a3 - -ac7c?
abb9
In base 12, what is 90 + -34820?
-34750
In base 8, what is -277674657 - 0?
-277674657
In base 15, what is 295e5 + 84?
29679
In base 14, what is 1126639 + a4?
11266dd
In base 6, what is -10104340 - 205?
-10104545
In base 8, what is 3 - -17566540?
17566543
In base 6, what is 4 + -211025400?
-211025352
In base 3, what is 1020221 + -2000011121?
-1221220200
In base 3, what is 20122122 + -202012220?
-111120021
In base 5, what is -11 + -2402134311?
-2402134322
In base 7, what is 53 + 5166456?
5166542
In base 16, what is 30e037 - 0?
30e037
In base 11, what is -4191092 + -1?
-4191093
In base 5, what is -23 - -102033130?
102033102
In base 8, what is -12435763 - 2?
-12435765
In base 10, what is -447 - -343?
-104
In base 13, what is -29c + 3a80?
37b1
In base 5, what is -200214422410 - 2?
-200214422412
In base 3, what is 101021212 - -212?
101022201
In base 5, what is -3 + 122202443123?
122202443120
In base 13, what is 1a6 - 4929b?
-490c5
In base 14, what is 35d026 - 3?
35d023
In base 6, what is 5120 + -1532?
3144
In base 5, what is -14 + 100403420?
100403401
In base 12, what is 9a14 + -b4a?
8a86
In base 3, what is 10 - -11020122200100?
11020122200110
In base 3, what is -121010202100 - 120?
-121010202220
In base 12, what is 13037 + -264?
12993
In base 5, what is 323 - -440420240?
440421113
In base 5, what is 33 + -21430433434?
-21430433401
In base 7, what is -30265445 + 116?
-30265326
In base 11, what is 17621 - 605?
17017
In base 3, what is -101100111211121 + -20222?
-101100112002120
In base 10, what is 626 - 55676?
-55050
In base 13, what is 39157 + -71c?
38738
In base 8, what is 2 + 105556006?
105556010
In base 12, what is 4 + -71204b2?
-71204aa
In base 13, what is -12a6 - -36c9?
2423
In base 10, what is 33 + 3679957?
3679990
In base 11, what is 692 + 945?
1527
In base 7, what is 6460 + -21220?
-11430
In base 3, what is -1012111221201 - 201200?
-1012112200101
In base 10, what is -103 - 395140?
-395243
In base 11, what is 71 + 17a0363?
17a0424
In base 4, what is -3312223 - -2102?
-3310121
In base 10, what is 3650 - 956?
2694
In base 14, what is -a95198d + 0?
-a95198d
In base 13, what is -84ab + -372?
-8850
In base 4, what is 0 + 200002222123?
200002222123
In base 2, what is -10000 + -11101000110000101110010?
-11101000110000110000010
In base 13, what is 627 + -8c04?
-85aa
In base 6, what is 2222 - -152120?
154342
In base 13, what is -308993 - -8?
-308988
In base 4, what is -11 + 2313320133111?
2313320133100
In base 5, what is 140032343320 - 4?
140032343311
In base 8, what is 13 + 66300?
66313
In base 2, what is -11010110110000110111 + -101101000?
-11010110110110011111
In base 12, what is 5 + -43731141?
-43731138
In base 12, what is 1 - -63553460?
63553461
In base 2, what is 1110011111010110100 - -1010000?
1110011111100000100
In base 12, what is -2ba05aa + -18?
-2ba0606
In base 4, what is -3 - 232333210331?
-232333211000
In base 12, what is -11b132 - 13?
-11b145
In base 16, what is 725249 + -2?
725247
In base 10, what is -4 + 5455593?
5455589
In base 7, what is 660534 - 1634?
655600
In base 3, what is 1010202 - -2000210100?
2001221002
In base 6, what is 24 - -125221235?
125221303
In base 16, what is -d1214 + 3?
-d1211
In base 4, what is 123223301 + 111233?
130001200
In base 2, what is -110 + 1000101000010010111101?
1000101000010010110111
In base 2, what is 10100010110111011001001 + 100?
10100010110111011001101
In base 3, what is 10022012021001211012 - 0?
10022012021001211012
In base 10, what is -36910 + -58?
-36968
In base 14, what is 5c - -38c14?
38c72
In base 11, what is 5a72 - -1215?
7187
In base 4, what is -2211213011021 + -10?
-2211213011031
In base 12, what is 0 - 1451309?
-1451309
In base 7, what is -655023 - 2204?
-660230
In base 2, what is -10010110010010001000111010001 - -101?
-10010110010010001000111001100
In base 11, what is -61775 + 3432?
-59343
In base 16, what is -1582 + 2e3?
-129f
In base 5, what is 41222424 - 141?
41222233
In base 8, what is -30406633 + 12?
-30406621
In base 2, what is -100 + -110111111100011011011000?
-110111111100011011011100
In base 12, what is -2a069 - 324?
-2a391
In base 10, what is 286 + -318024?
-317738
In base 9, what is 13 + -12620688?
-12620675
In base 4, what is -332320230 + 1030?
-332313200
In base 8, what is 362161 + 5516?
367677
In base 6, what is 2521 - 112105?
-105144
In base 3, what is -12211021210211100 - -2?
-12211021210211021
In base 8, what is -36 - -250572?
250534
In base 9, what is -555408 + -352?
-555761
In base 13, what is -5 - -518799?
518794
In base 3, what is -221111020202121 + 100?
-221111020202021
In base 15, what is 1c7 - 1637b?
-161a4
In base 13, what is -229 - 51802?
-51a2b
In base 16, what is -30 + 6b034?
6b004
In base 13, what is -ca9 + 95b4c?
94b73
In base 10, what is -4010476 + 4?
-4010472
In base 11, what is 411 + -1431826?
-1431415
In base 4, what is -1211 + -1223002033?
-1223003310
In base 13, what is 1854 - 106c?
7b5
In base 16, what is -4 + 230bbd8?
230bbd4
In base 16, what is -7e09937 + -3?
-7e0993a
In base 11, what is -12a + -5568a?
-55809
In base 9, what is 40641542 + 3?
40641545
In base 7, what is -333 - 201024?
-201360
In base 3, what is -1000000011 - -210202?
-222012102
In base 15, what is -21581a + -12?
-21582c
In base 16, what is 7c3a04 + -5?
7c39ff
In base 15, what is 1e0 + -3293d?
-3274d
In base 12, what is b6b9358 - -13?
b6b936b
In base 4, what is 10 - -3120030211?
3120030221
In base 9, what is -268762 - 12?
-268774
In base 12, what is -374665 - a?
-374673
In base 8, what is 650717035 - 1?
650717034
In base 5, what is -204 - -13123343?
13123134
In base 8, what is -215 + 232477?
232262
In base 10, what is 82704 - 6409?
76295
In base 12, what is 1 + -34806a39?
-34806a38
In base 14, what is 54 - 245b10?
-245a9a
In base 13, what is -b45c - -759?
-aa03
In base 5, what is 4011 + 1343412?
1402423
In base 13, what is 497 + -3186c?
-313a5
In base 11, what is 2742a - 8a6?
26634
In base 15, what is -db5 + -8079?
-8e3e
In base 5, what is 2214 - -1143104?
1200323
In base 10, what is 4836 - 1544?
3292
In base 7, what is 60 - -31655530?
31655620
In base 7, what is -162 + 10350023?
10346531
In base 10, what is -173424 - -33?
-173391
In base 8, what is 220 - 314336?
-314116
In base 3, what is -1220122112201 + 0?
-1220122112201
In base 15, what is -96 - 6a9b9?
-6aa60
In base 8, what is 135 + -51376?
-51241
In base 3, what is 22 + 220100212011?
220100212110
In base 4, what is 300202221 - 1123?
300201032
In base 3, what is -10110 - 110211220201010?
-110211220211120
In base 4, wh